{"id":1268,"date":"2020-09-15T13:54:41","date_gmt":"2020-09-15T20:54:41","guid":{"rendered":"https:\/\/www.palomar.edu\/pages\/ets\/?page_id=1268"},"modified":"2026-03-12T16:52:01","modified_gmt":"2026-03-12T23:52:01","slug":"apply-spanish-version","status":"publish","type":"page","link":"https:\/\/www.palomar.edu\/ets\/apply-spanish-version\/","title":{"rendered":"Solicitar: Requisitos y Solicitud"},"content":{"rendered":"\n<p>Los estudiantes interesados deben <strong>enviar una solicitud completa del programa<\/strong> para ser considerados. Es responsabilidad del estudiante asegurarse de que todas las secciones requeridas est\u00e9n completas antes de enviarla. <strong>No se revisar\u00e1n solicitudes incompletas.<\/strong><\/p>\n\n\n\n<p><strong>Por favor revise los requisitos del programa antes de comenzar su solicitud.<\/strong><\/p>\n\n\n\n<hr class=\"wp-block-separator has-alpha-channel-opacity\" \/>\n\n\n\n<h2 class=\"wp-block-heading\">Escuelas Participantes<\/h2>\n\n\n\n<figure class=\"wp-block-image size-large\"><a href=\"https:\/\/www.palomar.edu\/ets\/wp-content\/uploads\/sites\/10\/2026\/03\/Spring2025Schools.png\"><img loading=\"lazy\" decoding=\"async\" width=\"1024\" height=\"256\" src=\"https:\/\/www.palomar.edu\/ets\/wp-content\/uploads\/sites\/10\/2026\/03\/Spring2025Schools-1024x256.png\" alt=\"Talent Search Participating Schools Spring 2025\" class=\"wp-image-7542\" srcset=\"https:\/\/www.palomar.edu\/ets\/wp-content\/uploads\/sites\/10\/2026\/03\/Spring2025Schools-1024x256.png 1024w, https:\/\/www.palomar.edu\/ets\/wp-content\/uploads\/sites\/10\/2026\/03\/Spring2025Schools-300x75.png 300w, https:\/\/www.palomar.edu\/ets\/wp-content\/uploads\/sites\/10\/2026\/03\/Spring2025Schools-768x192.png 768w, https:\/\/www.palomar.edu\/ets\/wp-content\/uploads\/sites\/10\/2026\/03\/Spring2025Schools.png 1418w\" sizes=\"auto, (max-width: 1024px) 100vw, 1024px\" \/><\/a><\/figure>\n\n\n\n<div class=\"wp-block-columns is-layout-flex wp-container-core-columns-is-layout-28f84493 wp-block-columns-is-layout-flex\">\n<div class=\"wp-block-column is-layout-flow wp-block-column-is-layout-flow\">\n<h3 class=\"wp-block-heading\">Vista Unified School District<\/h3>\n\n\n\n<ul class=\"wp-block-list\">\n<li>Rancho Buena Vista High School<\/li>\n\n\n\n<li>Vista High School<\/li>\n\n\n\n<li>Vista Innovation &amp; Design Academy<\/li>\n<\/ul>\n<\/div>\n\n\n\n<div class=\"wp-block-column is-layout-flow wp-block-column-is-layout-flow\">\n<h3 class=\"wp-block-heading\">Escondido Union School District<\/h3>\n\n\n\n<ul class=\"wp-block-list\">\n<li>Del Dios Academy of Arts &amp; Sciences<\/li>\n\n\n\n<li>Hidden Valley Middle School<\/li>\n\n\n\n<li>Mission Middle School<\/li>\n<\/ul>\n<\/div>\n\n\n\n<div class=\"wp-block-column is-layout-flow wp-block-column-is-layout-flow\">\n<h3 class=\"wp-block-heading\">Escondido Union High School District<\/h3>\n\n\n\n<ul class=\"wp-block-list\">\n<li>Del Lago Academy<\/li>\n\n\n\n<li>Escondido High School<\/li>\n\n\n\n<li>Orange Glen High School<\/li>\n\n\n\n<li>San Pasqual High School<\/li>\n<\/ul>\n<\/div>\n<\/div>\n\n\n\n<hr class=\"wp-block-separator has-alpha-channel-opacity\" \/>\n\n\n\n<h2 class=\"wp-block-heading\">Requisitos de Elegibilidad<\/h2>\n\n\n\n<p>Los estudiantes deben cumplir con los siguientes requisitos para ser considerados para el programa:<\/p>\n\n\n\n<ul class=\"wp-block-list\">\n<li>Asistir a una de las <strong>escuelas participantes<\/strong><\/li>\n\n\n\n<li>Ser ciudadano(a) de los Estados Unidos o residente permanente<\/li>\n\n\n\n<li>Tener un <strong>promedio m\u00ednimo de 2.0 (GPA)<\/strong><\/li>\n\n\n\n<li>Demostrar inter\u00e9s en asistir a una <strong>instituci\u00f3n de educaci\u00f3n superior<\/strong> (colegio o universidad)<\/li>\n<\/ul>\n\n\n\n<hr class=\"wp-block-separator has-alpha-channel-opacity\" \/>\n\n\n\n<h2 class=\"wp-block-heading\">Antes de solicitar<\/h2>\n\n\n\n<p>Tenga lista la siguiente informaci\u00f3n antes de completar su solicitud:<\/p>\n\n\n\n<ul class=\"wp-block-list\">\n<li>Informaci\u00f3n personal y escolar del estudiante<\/li>\n\n\n\n<li>Informaci\u00f3n sobre los ingresos anuales del hogar de los padres o tutores<\/li>\n\n\n\n<li>Informaci\u00f3n de contacto de 1 o 2 contactos de emergencia<\/li>\n<\/ul>\n\n\n\n<div class=\"wp-block-buttons is-layout-flex wp-block-buttons-is-layout-flex\">\n<div class=\"wp-block-button has-custom-width wp-block-button__width-100\"><a class=\"wp-block-button__link wp-element-button\" href=\"https:\/\/www.palomar.edu\/ets\/program-application-spanish-version\/\">Iniciar Solicitud<\/a><\/div>\n<\/div>\n\n\n\n<hr class=\"wp-block-separator has-alpha-channel-opacity\" \/>\n\n\n\n<h2 class=\"wp-block-heading\">Participaci\u00f3n en el Programa<\/h2>\n\n\n\n<p>Los estudiantes aceptados en el programa deber\u00e1n:<\/p>\n\n\n\n<ul class=\"wp-block-list\">\n<li>Participar en al menos dos actividades del programa cada a\u00f1o<\/li>\n\n\n\n<li>Mantenerse acad\u00e9micamente comprometido y conservar una situaci\u00f3n acad\u00e9mica favorable<\/li>\n\n\n\n<li>Colaborar con el personal del programa para apoyar sus objetivos educativos<\/li>\n<\/ul>\n\n\n\n<p>El personal del programa revisa las calificaciones de los estudiantes y realiza una entrevista de admisi\u00f3n para determinar la elegibilidad y la preparaci\u00f3n para el programa.<\/p>\n","protected":false},"excerpt":{"rendered":"<p>Los estudiantes interesados deben enviar una solicitud completa del programa para ser considerados. Es responsabilidad del estudiante asegurarse de que todas las secciones requeridas est\u00e9n completas antes de enviarla. No&hellip; <a class=\"continue\" href=\"https:\/\/www.palomar.edu\/ets\/apply-spanish-version\/\">Continue Reading<span> Solicitar: Requisitos y Solicitud<\/span><\/a><\/p>\n","protected":false},"author":10539,"featured_media":0,"parent":0,"menu_order":0,"comment_status":"closed","ping_status":"closed","template":"","meta":{"_acf_changed":false,"_EventAllDay":false,"_EventTimezone":"","_EventStartDate":"","_EventEndDate":"","_EventStartDateUTC":"","_EventEndDateUTC":"","_EventShowMap":false,"_EventShowMapLink":false,"_EventURL":"","_EventCost":"","_EventCostDescription":"","_EventCurrencySymbol":"","_EventCurrencyCode":"","_EventCurrencyPosition":"","_EventDateTimeSeparator":"","_EventTimeRangeSeparator":"","_EventOrganizerID":[],"_EventVenueID":[],"_OrganizerEmail":"","_OrganizerPhone":"","_OrganizerWebsite":"","_VenueAddress":"","_VenueCity":"","_VenueCountry":"","_VenueProvince":"","_VenueState":"","_VenueZip":"","_VenuePhone":"","_VenueURL":"","_VenueStateProvince":"","_VenueLat":"","_VenueLng":"","_VenueShowMap":false,"_VenueShowMapLink":false,"jetpack_post_was_ever_published":false,"footnotes":""},"class_list":["post-1268","page","type-page","status-publish","hentry"],"acf":[],"jetpack_sharing_enabled":true,"jetpack_shortlink":"https:\/\/wp.me\/P6SoYJ-ks","_links":{"self":[{"href":"https:\/\/www.palomar.edu\/ets\/wp-json\/wp\/v2\/pages\/1268","targetHints":{"allow":["GET"]}}],"collection":[{"href":"https:\/\/www.palomar.edu\/ets\/wp-json\/wp\/v2\/pages"}],"about":[{"href":"https:\/\/www.palomar.edu\/ets\/wp-json\/wp\/v2\/types\/page"}],"author":[{"embeddable":true,"href":"https:\/\/www.palomar.edu\/ets\/wp-json\/wp\/v2\/users\/10539"}],"replies":[{"embeddable":true,"href":"https:\/\/www.palomar.edu\/ets\/wp-json\/wp\/v2\/comments?post=1268"}],"version-history":[{"count":14,"href":"https:\/\/www.palomar.edu\/ets\/wp-json\/wp\/v2\/pages\/1268\/revisions"}],"predecessor-version":[{"id":7573,"href":"https:\/\/www.palomar.edu\/ets\/wp-json\/wp\/v2\/pages\/1268\/revisions\/7573"}],"wp:attachment":[{"href":"https:\/\/www.palomar.edu\/ets\/wp-json\/wp\/v2\/media?parent=1268"}],"curies":[{"name":"wp","href":"https:\/\/api.w.org\/{rel}","templated":true}]}}