{"id":937,"date":"2015-11-23T11:11:09","date_gmt":"2015-11-23T19:11:09","guid":{"rendered":"http:\/\/www.palomar.edu\/pages\/multicultural\/?page_id=937"},"modified":"2021-05-28T09:06:06","modified_gmt":"2021-05-28T16:06:06","slug":"dr-angelica-yanez","status":"publish","type":"page","link":"https:\/\/www.palomar.edu\/ethnicstudies\/dr-angelica-yanez\/","title":{"rendered":"Dr. Ang\u00e9lica M. Ya\u00f1ez"},"content":{"rendered":"<p>Dr. Ang\u00e9lica M. Ya\u00f1ez, Associate Professor, Ethnic Studies<\/p>\n<p><img loading=\"lazy\" decoding=\"async\" class=\"alignnone size-medium wp-image-1473\" src=\"https:\/\/www.palomar.edu\/ethnicstudies\/wp-content\/uploads\/sites\/179\/2021\/05\/thumbnail_yanez-432x270.jpg\" alt=\"Picture of professor Angelica Ya\u00f1ez\" width=\"300\" height=\"188\" \/><br \/>\n<a href=\"mailto:ayanez@palomar.edu\">ayanez@palomar.edu<\/a><br \/>\nOffice: MD-139 (San Marcos main campus)<br \/>\nPhone: 760-744-1150 x 2681<\/p>\n<p>Dr. Ang\u00e9lica M. Ya\u00f1ez holds a Ph.D. in Ethnic Studies from UC San Diego, a B.A. in Chicano Studies, and a minor in Women Studies from UC Santa Barbara.\u00a0\u00a0She is the editor of United States History from a Chicano Perspective. Her activism and research interests center on community building, intersectional identities, race, racism, and white terrorism, and cultural revitalization of Mexican Indigenous traditions in the United States.\u00a0\u00a0She is a traditional Aztec Dancer and mother that honors the legacies of her Indigenous ancestors. As a former rape crisis counselor, she practiced acute counseling and women\u2019s healing. Currently, she is the advisor to a writing group that promotes activism through spoken word at Palomar College and is the program advisor for the new Chicana\/o Studies degree in the Ethnic Studies Department. She is a full-time professor of Ethnic and Chicano Studies.<\/p>\n","protected":false},"excerpt":{"rendered":"<p>Dr. Ang\u00e9lica M. Ya\u00f1ez, Associate Professor, Ethnic Studies ayanez@palomar.edu Office: MD-139 (San Marcos main campus) Phone: 760-744-1150 x 2681 Dr. Ang\u00e9lica M. Ya\u00f1ez holds a Ph.D. in Ethnic Studies from&hellip; <a class=\"continue\" href=\"https:\/\/www.palomar.edu\/ethnicstudies\/dr-angelica-yanez\/\">Continue Reading<span> Dr. Ang\u00e9lica M. Ya\u00f1ez<\/span><\/a><\/p>\n","protected":false},"author":10689,"featured_media":0,"parent":0,"menu_order":0,"comment_status":"closed","ping_status":"closed","template":"","meta":{"_acf_changed":false,"jetpack_post_was_ever_published":false,"footnotes":""},"class_list":["post-937","page","type-page","status-publish","hentry"],"acf":[],"jetpack_sharing_enabled":true,"jetpack_shortlink":"https:\/\/wp.me\/P2OLer-f7","_links":{"self":[{"href":"https:\/\/www.palomar.edu\/ethnicstudies\/wp-json\/wp\/v2\/pages\/937","targetHints":{"allow":["GET"]}}],"collection":[{"href":"https:\/\/www.palomar.edu\/ethnicstudies\/wp-json\/wp\/v2\/pages"}],"about":[{"href":"https:\/\/www.palomar.edu\/ethnicstudies\/wp-json\/wp\/v2\/types\/page"}],"author":[{"embeddable":true,"href":"https:\/\/www.palomar.edu\/ethnicstudies\/wp-json\/wp\/v2\/users\/10689"}],"replies":[{"embeddable":true,"href":"https:\/\/www.palomar.edu\/ethnicstudies\/wp-json\/wp\/v2\/comments?post=937"}],"version-history":[{"count":29,"href":"https:\/\/www.palomar.edu\/ethnicstudies\/wp-json\/wp\/v2\/pages\/937\/revisions"}],"predecessor-version":[{"id":1486,"href":"https:\/\/www.palomar.edu\/ethnicstudies\/wp-json\/wp\/v2\/pages\/937\/revisions\/1486"}],"wp:attachment":[{"href":"https:\/\/www.palomar.edu\/ethnicstudies\/wp-json\/wp\/v2\/media?parent=937"}],"curies":[{"name":"wp","href":"https:\/\/api.w.org\/{rel}","templated":true}]}}