{"id":245,"date":"2016-08-15T12:31:13","date_gmt":"2016-08-15T20:31:13","guid":{"rendered":"https:\/\/www.palomar.edu\/esl\/?page_id=245"},"modified":"2026-04-10T09:11:37","modified_gmt":"2026-04-10T17:11:37","slug":"registration","status":"publish","type":"page","link":"https:\/\/www.palomar.edu\/esl\/enroll\/registration\/","title":{"rendered":"Registration"},"content":{"rendered":"\n<h2 class=\"wp-block-heading\"><span style=\"color: #0000ff\"><span style=\"color: #000000\"><strong class=\"style1\">&nbsp;Spring 2026<\/strong><\/span><strong><span style=\"color: #000000\">&nbsp;<\/span><\/strong><\/span><\/h2>\n\n\n\n<h5 class=\"wp-block-heading\"><span style=\"color: #000000\"><strong>Health Fee\/Cuota de Salud<\/strong><\/span><span style=\"color: #000000\"><strong>:&nbsp; $22 for Summer and $27 for Fall<\/strong><\/span><\/h5>\n\n\n\n<h5 class=\"wp-block-heading\"><span style=\"color: #000000\"><strong>Parking Fee\/Cuota de Estacionamiento:&nbsp; $34 for Summer and $46 for Fall<\/strong><\/span><\/h5>\n\n\n\n<p class=\"has-text-align-center\">*<a class=\"wp-block-button__link has-text-align-center wp-element-button\" href=\"https:\/\/www.palomar.edu\/esl\/wp-content\/uploads\/sites\/115\/2026\/01\/Spring-2026-All-Classes-1.pdf\" target=\"_blank\" rel=\"noreferrer noopener\">Spring Classes 2026 Flyer <\/a>*<\/p>\n\n\n\n<h3 class=\"wp-block-heading\"><strong><span style=\"color: #ff0000\"><span style=\"text-decoration: underline\">San Marcos Campus<\/span><\/span>: &nbsp;<\/strong><\/h3>\n\n\n\n<p><strong><span style=\"color: #000000\">(760) 744-1150, Ext. 2272<\/span><\/strong>. <span style=\"color: #000000\">Monday &#8211; Thursday, 8:00 am &#8211; 8:00 pm<\/span>. <span style=\"color: #000000\">Friday, 8:00 am &#8211; 12:00 pm<\/span> (Fridays remote)<\/p>\n\n\n\n<p><span style=\"color: #000000\">Spring classes will begin on January 26, 2026.&nbsp; Please contact the ESL San Marcos Office staff to obtain more information.&nbsp;&nbsp;<\/span><\/p>\n\n\n\n<p><span style=\"color: #000000\">Las clases de <b>primavera <\/b>empezar\u00e1n el 26 de enero del 2026 .\u00a0 Por favor c<span lang=\"es\">omun\u00edquese con el personal de la oficina de ESL San Marcos para obtener m\u00e1s informaci\u00f3n.\u00a0<\/span><\/span><\/p>\n\n\n\n<h3 class=\"wp-block-heading\"><strong><span style=\"color: #008000\"><span style=\"color: #ff6600\"><span style=\"text-decoration: underline\">Escondido Center<\/span>: <\/span><\/span><\/strong><\/h3>\n\n\n\n<p><strong>&nbsp;<span style=\"color: #000000\">(760) 744-1150, Ext. 8114<\/span><\/strong>. Monday &#8211; Thursday, 8:00 am &#8211; 7:00 pm (Closed for lunch from 2:30 &#8211; 3:00 pm). Friday, 9:00 am &#8211; 1:00 pm (Fridays remote)<\/p>\n\n\n\n<p><span style=\"color: #000000\">Spring classes will begin on January 26, 2026.&nbsp; Please contact the ESL Escondido Office staff to obtain more information.&nbsp;&nbsp;<\/span><\/p>\n\n\n\n<p><span style=\"color: #000000\">Las clases de <b>primavera <\/b>empezar\u00e1n el 26 de enero del 2026 . Por favor c<span lang=\"es\">omun\u00edquese con el personal de la oficina de ESL Escondido para obtener m\u00e1s informaci\u00f3n.\u00a0<\/span><\/span><\/p>\n\n\n\n<h3 class=\"wp-block-heading\"><span style=\"color: #339966\"><strong>Fallbrook Center: <\/strong><\/span>\u00a0<\/h3>\n\n\n\n<p><span style=\"color: #000000\">(<\/span><strong><span style=\"color: #000000\">760) 744-1150, Ext. 7808<\/span><\/strong>. Monday &#8211; Thursday, 4:00 &#8211; 8:00 pm. Friday, CLOSED<\/p>\n\n\n\n<p><span style=\"color: #000000\">Spring classes will begin on January 26, 2026.&nbsp; Please contact the ESL Fallbrook Office staff to obtain more information.&nbsp;&nbsp;<\/span><\/p>\n\n\n\n<p><span style=\"color: #000000\">Las clases de <b>primavera <\/b>empezar\u00e1n el 26 de enero del 2026 . Por favor c<span lang=\"es\">omun\u00edquese con el personal de la oficina de ESL Fallbrook para obtener m\u00e1s informaci\u00f3n.\u00a0<\/span><\/span><\/p>\n\n\n\n<p><\/p>\n\n\n\n<p><\/p>\n\n\n\n<p><\/p>\n","protected":false},"excerpt":{"rendered":"<p>&nbsp;Spring 2026&nbsp; Health Fee\/Cuota de Salud:&nbsp; $22 for Summer and $27 for Fall Parking Fee\/Cuota de Estacionamiento:&nbsp; $34 for Summer and $46 for Fall *Spring Classes 2026 Flyer * San&hellip; <a class=\"continue\" href=\"https:\/\/www.palomar.edu\/esl\/enroll\/registration\/\">Continue Reading<span> Registration<\/span><\/a><\/p>\n","protected":false},"author":11034,"featured_media":0,"parent":171,"menu_order":0,"comment_status":"closed","ping_status":"closed","template":"","meta":{"_acf_changed":false,"jetpack_post_was_ever_published":false,"footnotes":""},"class_list":["post-245","page","type-page","status-publish","hentry"],"acf":[],"yoast_head":"<!-- This site is optimized with the Yoast SEO plugin v27.3 - https:\/\/yoast.com\/product\/yoast-seo-wordpress\/ -->\n<title>Registration - Palomar College ESL<\/title>\n<meta name=\"robots\" content=\"index, follow, max-snippet:-1, max-image-preview:large, max-video-preview:-1\" \/>\n<link rel=\"canonical\" href=\"https:\/\/www.palomar.edu\/esl\/enroll\/registration\/\" \/>\n<meta property=\"og:locale\" content=\"en_US\" \/>\n<meta property=\"og:type\" content=\"article\" \/>\n<meta property=\"og:title\" content=\"Registration - Palomar College ESL\" \/>\n<meta property=\"og:description\" content=\"&nbsp;Spring 2026&nbsp; Health Fee\/Cuota de Salud:&nbsp; $22 for Summer and $27 for Fall Parking Fee\/Cuota de Estacionamiento:&nbsp; $34 for Summer and $46 for Fall *Spring Classes 2026 Flyer * San&hellip; Continue Reading Registration\" \/>\n<meta property=\"og:url\" content=\"https:\/\/www.palomar.edu\/esl\/enroll\/registration\/\" \/>\n<meta property=\"og:site_name\" content=\"Palomar College ESL\" \/>\n<meta property=\"article:modified_time\" content=\"2026-04-10T17:11:37+00:00\" \/>\n<meta name=\"twitter:card\" content=\"summary_large_image\" \/>\n<meta name=\"twitter:label1\" content=\"Est. reading time\" \/>\n\t<meta name=\"twitter:data1\" content=\"2 minutes\" \/>\n<script type=\"application\/ld+json\" class=\"yoast-schema-graph\">{\"@context\":\"https:\\\/\\\/schema.org\",\"@graph\":[{\"@type\":\"WebPage\",\"@id\":\"https:\\\/\\\/www.palomar.edu\\\/esl\\\/enroll\\\/registration\\\/\",\"url\":\"https:\\\/\\\/www.palomar.edu\\\/esl\\\/enroll\\\/registration\\\/\",\"name\":\"Registration - Palomar College ESL\",\"isPartOf\":{\"@id\":\"https:\\\/\\\/www.palomar.edu\\\/esl\\\/#website\"},\"datePublished\":\"2016-08-15T20:31:13+00:00\",\"dateModified\":\"2026-04-10T17:11:37+00:00\",\"breadcrumb\":{\"@id\":\"https:\\\/\\\/www.palomar.edu\\\/esl\\\/enroll\\\/registration\\\/#breadcrumb\"},\"inLanguage\":\"en-US\",\"potentialAction\":[{\"@type\":\"ReadAction\",\"target\":[\"https:\\\/\\\/www.palomar.edu\\\/esl\\\/enroll\\\/registration\\\/\"]}]},{\"@type\":\"BreadcrumbList\",\"@id\":\"https:\\\/\\\/www.palomar.edu\\\/esl\\\/enroll\\\/registration\\\/#breadcrumb\",\"itemListElement\":[{\"@type\":\"ListItem\",\"position\":1,\"name\":\"Home\",\"item\":\"https:\\\/\\\/www.palomar.edu\\\/esl\\\/\"},{\"@type\":\"ListItem\",\"position\":2,\"name\":\"Enroll in an ESL Class\",\"item\":\"https:\\\/\\\/www.palomar.edu\\\/esl\\\/enroll\\\/\"},{\"@type\":\"ListItem\",\"position\":3,\"name\":\"Registration\"}]},{\"@type\":\"WebSite\",\"@id\":\"https:\\\/\\\/www.palomar.edu\\\/esl\\\/#website\",\"url\":\"https:\\\/\\\/www.palomar.edu\\\/esl\\\/\",\"name\":\"Palomar College ESL\",\"description\":\"Start Here; Go Anywhere.\",\"potentialAction\":[{\"@type\":\"SearchAction\",\"target\":{\"@type\":\"EntryPoint\",\"urlTemplate\":\"https:\\\/\\\/www.palomar.edu\\\/esl\\\/?s={search_term_string}\"},\"query-input\":{\"@type\":\"PropertyValueSpecification\",\"valueRequired\":true,\"valueName\":\"search_term_string\"}}],\"inLanguage\":\"en-US\"}]}<\/script>\n<!-- \/ Yoast SEO plugin. -->","yoast_head_json":{"title":"Registration - Palomar College ESL","robots":{"index":"index","follow":"follow","max-snippet":"max-snippet:-1","max-image-preview":"max-image-preview:large","max-video-preview":"max-video-preview:-1"},"canonical":"https:\/\/www.palomar.edu\/esl\/enroll\/registration\/","og_locale":"en_US","og_type":"article","og_title":"Registration - Palomar College ESL","og_description":"&nbsp;Spring 2026&nbsp; Health Fee\/Cuota de Salud:&nbsp; $22 for Summer and $27 for Fall Parking Fee\/Cuota de Estacionamiento:&nbsp; $34 for Summer and $46 for Fall *Spring Classes 2026 Flyer * San&hellip; Continue Reading Registration","og_url":"https:\/\/www.palomar.edu\/esl\/enroll\/registration\/","og_site_name":"Palomar College ESL","article_modified_time":"2026-04-10T17:11:37+00:00","twitter_card":"summary_large_image","twitter_misc":{"Est. reading time":"2 minutes"},"schema":{"@context":"https:\/\/schema.org","@graph":[{"@type":"WebPage","@id":"https:\/\/www.palomar.edu\/esl\/enroll\/registration\/","url":"https:\/\/www.palomar.edu\/esl\/enroll\/registration\/","name":"Registration - Palomar College ESL","isPartOf":{"@id":"https:\/\/www.palomar.edu\/esl\/#website"},"datePublished":"2016-08-15T20:31:13+00:00","dateModified":"2026-04-10T17:11:37+00:00","breadcrumb":{"@id":"https:\/\/www.palomar.edu\/esl\/enroll\/registration\/#breadcrumb"},"inLanguage":"en-US","potentialAction":[{"@type":"ReadAction","target":["https:\/\/www.palomar.edu\/esl\/enroll\/registration\/"]}]},{"@type":"BreadcrumbList","@id":"https:\/\/www.palomar.edu\/esl\/enroll\/registration\/#breadcrumb","itemListElement":[{"@type":"ListItem","position":1,"name":"Home","item":"https:\/\/www.palomar.edu\/esl\/"},{"@type":"ListItem","position":2,"name":"Enroll in an ESL Class","item":"https:\/\/www.palomar.edu\/esl\/enroll\/"},{"@type":"ListItem","position":3,"name":"Registration"}]},{"@type":"WebSite","@id":"https:\/\/www.palomar.edu\/esl\/#website","url":"https:\/\/www.palomar.edu\/esl\/","name":"Palomar College ESL","description":"Start Here; Go Anywhere.","potentialAction":[{"@type":"SearchAction","target":{"@type":"EntryPoint","urlTemplate":"https:\/\/www.palomar.edu\/esl\/?s={search_term_string}"},"query-input":{"@type":"PropertyValueSpecification","valueRequired":true,"valueName":"search_term_string"}}],"inLanguage":"en-US"}]}},"jetpack_sharing_enabled":true,"jetpack_shortlink":"https:\/\/wp.me\/P54Rp9-3X","_links":{"self":[{"href":"https:\/\/www.palomar.edu\/esl\/wp-json\/wp\/v2\/pages\/245","targetHints":{"allow":["GET"]}}],"collection":[{"href":"https:\/\/www.palomar.edu\/esl\/wp-json\/wp\/v2\/pages"}],"about":[{"href":"https:\/\/www.palomar.edu\/esl\/wp-json\/wp\/v2\/types\/page"}],"author":[{"embeddable":true,"href":"https:\/\/www.palomar.edu\/esl\/wp-json\/wp\/v2\/users\/11034"}],"replies":[{"embeddable":true,"href":"https:\/\/www.palomar.edu\/esl\/wp-json\/wp\/v2\/comments?post=245"}],"version-history":[{"count":14,"href":"https:\/\/www.palomar.edu\/esl\/wp-json\/wp\/v2\/pages\/245\/revisions"}],"predecessor-version":[{"id":7221,"href":"https:\/\/www.palomar.edu\/esl\/wp-json\/wp\/v2\/pages\/245\/revisions\/7221"}],"up":[{"embeddable":true,"href":"https:\/\/www.palomar.edu\/esl\/wp-json\/wp\/v2\/pages\/171"}],"wp:attachment":[{"href":"https:\/\/www.palomar.edu\/esl\/wp-json\/wp\/v2\/media?parent=245"}],"curies":[{"name":"wp","href":"https:\/\/api.w.org\/{rel}","templated":true}]}}