{"id":2068,"date":"2020-07-06T15:42:16","date_gmt":"2020-07-06T23:42:16","guid":{"rendered":"https:\/\/www.palomar.edu\/esl\/?page_id=2068"},"modified":"2025-01-16T12:03:21","modified_gmt":"2025-01-16T20:03:21","slug":"canvas","status":"publish","type":"page","link":"https:\/\/www.palomar.edu\/esl\/canvas\/","title":{"rendered":"Canvas"},"content":{"rendered":"<h4>\u00a0<\/h4>\n<p><strong style=\"color: #ff6600;font-family: Montserrat, sans-serif;font-size: 1.4375rem\">Workshop: How to use Canvas<\/strong><\/p>\n<div id=\"post-7592\" class=\"type-tribe_events post-7592 tribe-clearfix tribe-events-venue-7582 tribe-events-organizer-4153 tribe-events-first\" data-parent-post-id=\"7590\">\n<div id=\"post-7592\" class=\"type-tribe_events post-7592 tribe-clearfix tribe-events-venue-7582 tribe-events-organizer-4153 tribe-events-first\" data-parent-post-id=\"7590\">\n<h6><span style=\"color: #993300\"><b>Tuesdays at 2:30 pm on:\u00a0 <\/b><\/span><span style=\"color: #993300\"><b>January 14 &amp; 21\u00a0 \u00a0**Please check back for more available dates**<\/b><\/span><span style=\"color: #993300\"><b>\u00a0<\/b><\/span><\/h6>\n<div class=\"tribe-events-event-meta\">\n<div class=\"author location\">\n<div class=\"tribe-event-schedule-details\"><hr \/><\/div>\n<\/div>\n<\/div>\n<\/div>\n<div style=\"text-align: justify\"><span style=\"color: #993300;font-size: inherit\"><a href=\"https:\/\/www.palomar.edu\/esl\/wp-content\/uploads\/sites\/115\/2025\/01\/Canvas-Workshop-Flyer-Jan.-14-21-2025-Eng.pdf\" target=\"_blank\" rel=\"noopener noreferrer\"><img loading=\"lazy\" decoding=\"async\" class=\"attachment-medium wp-post-image alignleft wp-image-1673\" src=\"https:\/\/www.palomar.edu\/esl\/wp-content\/uploads\/sites\/115\/2020\/05\/Canvas-Workshop-Flyer-Enlish_Page_1-e1588987206646-432x270.png\" alt=\"Decorative\" width=\"357\" height=\"215\" srcset=\"https:\/\/www.palomar.edu\/esl\/wp-content\/uploads\/sites\/115\/2020\/05\/Canvas-Workshop-Flyer-Enlish_Page_1-e1588987206646-768x462.png 768w, https:\/\/www.palomar.edu\/esl\/wp-content\/uploads\/sites\/115\/2020\/05\/Canvas-Workshop-Flyer-Enlish_Page_1-e1588987206646-264x159.png 264w, https:\/\/www.palomar.edu\/esl\/wp-content\/uploads\/sites\/115\/2020\/05\/Canvas-Workshop-Flyer-Enlish_Page_1-e1588987206646-528x318.png 528w, https:\/\/www.palomar.edu\/esl\/wp-content\/uploads\/sites\/115\/2020\/05\/Canvas-Workshop-Flyer-Enlish_Page_1-e1588987206646.png 819w\" sizes=\"auto, (max-width: 357px) 100vw, 357px\" \/><\/a>The ESL Department is offering a workshop through Zoom on how to navigate through Canvas and feel more comfortable knowing what it offers and how to use it.\u00a0 <\/span><span style=\"color: #993300;font-size: inherit\">Join us for an hour of helpful information that will guide you and better prepare you for your classes.\u00a0 Know where to find your assignments, tests, discussions, grades and calendar. Walk away feeling empowered once you learn these skills!\u00a0\u00a0<\/span><\/div>\n<div>\u00a0<\/div>\n<div style=\"text-align: justify\"><span style=\"color: #993300;font-size: inherit\">To sign up for this Zoom Workshop and receive a ZOOM LINK, please contact Yolanda Fernandez via email at:\u00a0 yfernandez@palomar.edu.\u00a0 \u00a0<strong><span style=\"font-size: inherit\"><a href=\"https:\/\/www.palomar.edu\/esl\/wp-content\/uploads\/sites\/115\/2025\/01\/Canvas-Workshop-Flyer-Jan.-14-21-2025-Eng.pdf\" target=\"_blank\" rel=\"noopener noreferrer\">Find out more \u00bb<\/a><\/span><\/strong><\/span><\/div>\n<div class=\"tribe-events-event-meta\">\n<div class=\"author location\">\n<div class=\"tribe-event-schedule-details\">\u00a0<\/div>\n<\/div>\n<\/div>\n<\/div>\n<div>\u00a0<\/div>\n<div>\u00a0<\/div>\n<div>\u00a0<\/div>\n<div>\u00a0<\/div>\n<div>\u00a0<\/div>\n<div>\u00a0<\/div>\n<div>\u00a0<\/div>\n<div>\u00a0<\/div>\n<div>\u00a0<\/div>\n<div>\u00a0<\/div>\n<div>\u00a0<\/div>\n<div>\u00a0<\/div>\n<div>\n<h4 class=\"tribe-events-list-event-title\">\u00a0<\/h4>\n<div>\n<h4><strong><span style=\"color: #ff6600\">Taller:\u00a0 C\u00f3mo utilizar Canvas<\/span><\/strong><\/h4>\n<div>\n<h6><span style=\"color: #993300\"><b>Martes a las 2:30 pm:\u00a0 <\/b><\/span><span style=\"color: #993300\"><b>Enero 14 y 21<\/b><\/span><span style=\"color: #993300\"><b>\u00a0 \u00a0**Favor de volver a revisar para ver m\u00e1s fechas disponibles**<\/b><\/span><\/h6>\n<\/div>\n<\/div>\n<div><hr \/>\n<p><a href=\"https:\/\/www.palomar.edu\/esl\/wp-content\/uploads\/sites\/115\/2025\/01\/Canvas-Workshop-Flyer-Jan.-14-21-2025-Span.pdf\" target=\"_blank\" rel=\"noopener noreferrer\"><img loading=\"lazy\" decoding=\"async\" class=\"attachment-medium wp-post-image alignleft wp-image-1735\" src=\"https:\/\/www.palomar.edu\/esl\/wp-content\/uploads\/sites\/115\/2020\/05\/Canvas-Workshop-Flyer-Spanish-e1588995143306.png\" alt=\"Talleres de Canvas\" width=\"357\" height=\"226\" srcset=\"https:\/\/www.palomar.edu\/esl\/wp-content\/uploads\/sites\/115\/2020\/05\/Canvas-Workshop-Flyer-Spanish-e1588995143306.png 1048w, https:\/\/www.palomar.edu\/esl\/wp-content\/uploads\/sites\/115\/2020\/05\/Canvas-Workshop-Flyer-Spanish-e1588995143306-1024x649.png 1024w, https:\/\/www.palomar.edu\/esl\/wp-content\/uploads\/sites\/115\/2020\/05\/Canvas-Workshop-Flyer-Spanish-e1588995143306-768x487.png 768w, https:\/\/www.palomar.edu\/esl\/wp-content\/uploads\/sites\/115\/2020\/05\/Canvas-Workshop-Flyer-Spanish-e1588995143306-264x167.png 264w, https:\/\/www.palomar.edu\/esl\/wp-content\/uploads\/sites\/115\/2020\/05\/Canvas-Workshop-Flyer-Spanish-e1588995143306-528x335.png 528w\" sizes=\"auto, (max-width: 357px) 100vw, 357px\" \/><\/a><\/p>\n<\/div>\n<div style=\"text-align: justify\"><span style=\"color: #993300\"><span style=\"color: #993300\">\u00a1El Departamento de ESL est\u00e1 ofreciendo un Taller a traves de Zoom sobre c\u00f3mo usar Canvas para sus clases!\u00a0 <\/span><\/span><span style=\"color: #993300\">\u00danase con nosotros durante una hora de t\u00e9cnicas que lo preparar\u00e1n mejor para sus clases que usan Canvas.\u00a0 <span style=\"color: #993300;font-family: monospace, monospace;font-size: 1em\">Si\u00e9ntase m\u00e1s c\u00f3modo sabiendo todo lo que esta dentro de Canvas y c\u00f3mo usarlo.<\/span>\u00a0 <\/span><span class=\"Y2IQFc\" lang=\"es\" style=\"color: #993300\">Sepa d\u00f3nde encontrar sus tareas, ex\u00e1menes, discusiones, calificaciones y el calendario. <\/span><span style=\"color: #993300\">\u00a1Termine sinti\u00e9ndose fortalecido una vez que aprenda estas habilidades!\u00a0<\/span><\/div>\n<div>\u00a0<\/div>\n<div>\n<div id=\"tw-target-rmn-container\" class=\"tw-ta-container hide-focus-ring tw-nfl\">\n<div class=\"jhH5U\">\n<div id=\"tw-ob\" class=\"tw-src-ltr\">\n<div class=\"oSioSc\">\n<div id=\"tw-target\">\n<div id=\"kAz1tf\" class=\"g9WsWb\">\n<div id=\"tw-target-text-container\" class=\"tw-ta-container hide-focus-ring tw-nfl\" style=\"text-align: justify\">\n<p dir=\"ltr\" data-placeholder=\"Translation\"><span style=\"color: #993300\">Para inscribirse en este Taller y reciba un enlace de ZOOM, p\u00f3ngase en contacto con Yolanda Fernandez por correo electr\u00f3nico a:\u00a0 yfernandez@palomar.edu.\u00a0 <span style=\"color: #000000\"><strong>\u00a0 <a href=\"https:\/\/www.palomar.edu\/esl\/wp-content\/uploads\/sites\/115\/2025\/01\/Canvas-Workshop-Flyer-Jan.-14-21-2025-Span.pdf\" target=\"_blank\" rel=\"noopener noreferrer\">M\u00e1s informaci\u00f3n<\/a><a href=\"https:\/\/www.palomar.edu\/esl\/wp-content\/uploads\/sites\/115\/2023\/02\/Canvas-Workshop-Flyer-Feb.-7-April-25-Span.pdf\" target=\"_blank\" rel=\"noopener noreferrer\">\u00bb<\/a><\/strong><\/span><\/span><\/p>\n<\/div>\n<\/div>\n<\/div>\n<\/div>\n<\/div>\n<\/div>\n<\/div>\n<\/div>\n<\/div>\n<div>\n<div id=\"tw-target-rmn-container\" class=\"tw-ta-container hide-focus-ring tw-nfl\">\n<div class=\"jhH5U\">\n<div id=\"tw-ob\" class=\"tw-src-ltr\">\n<div class=\"oSioSc\">\n<div id=\"tw-target\">\n<div id=\"kAz1tf\" class=\"g9WsWb\">\n<div id=\"tw-target-text-container\" class=\"tw-ta-container hide-focus-ring tw-nfl\">\u00a0<\/div>\n<\/div>\n<\/div>\n<\/div>\n<\/div>\n<\/div>\n<\/div>\n<\/div>\n\n\n<p><\/p>\n","protected":false},"excerpt":{"rendered":"<p>\u00a0 Workshop: How to use Canvas Tuesdays at 2:30 pm on:\u00a0 January 14 &amp; 21\u00a0 \u00a0**Please check back for more available dates**\u00a0 The ESL Department is offering a workshop through&hellip; <a class=\"continue\" href=\"https:\/\/www.palomar.edu\/esl\/canvas\/\">Continue Reading<span> Canvas<\/span><\/a><\/p>\n","protected":false},"author":10306,"featured_media":0,"parent":0,"menu_order":0,"comment_status":"closed","ping_status":"closed","template":"","meta":{"_acf_changed":false,"jetpack_post_was_ever_published":false,"footnotes":""},"class_list":["post-2068","page","type-page","status-publish","hentry"],"acf":[],"yoast_head":"<!-- This site is optimized with the Yoast SEO plugin v27.4 - https:\/\/yoast.com\/product\/yoast-seo-wordpress\/ -->\n<title>Canvas - Palomar College ESL<\/title>\n<meta name=\"robots\" content=\"index, follow, max-snippet:-1, max-image-preview:large, max-video-preview:-1\" \/>\n<link rel=\"canonical\" href=\"https:\/\/www.palomar.edu\/esl\/canvas\/\" \/>\n<meta property=\"og:locale\" content=\"en_US\" \/>\n<meta property=\"og:type\" content=\"article\" \/>\n<meta property=\"og:title\" content=\"Canvas - Palomar College ESL\" \/>\n<meta property=\"og:description\" content=\"\u00a0 Workshop: How to use Canvas Tuesdays at 2:30 pm on:\u00a0 January 14 &amp; 21\u00a0 \u00a0**Please check back for more available dates**\u00a0 The ESL Department is offering a workshop through&hellip; Continue Reading Canvas\" \/>\n<meta property=\"og:url\" content=\"https:\/\/www.palomar.edu\/esl\/canvas\/\" \/>\n<meta property=\"og:site_name\" content=\"Palomar College ESL\" \/>\n<meta property=\"article:modified_time\" content=\"2025-01-16T20:03:21+00:00\" \/>\n<meta property=\"og:image\" content=\"https:\/\/www.palomar.edu\/esl\/wp-content\/uploads\/sites\/115\/2020\/05\/Canvas-Workshop-Flyer-Enlish_Page_1-e1588987206646.png\" \/>\n\t<meta property=\"og:image:width\" content=\"819\" \/>\n\t<meta property=\"og:image:height\" content=\"493\" \/>\n\t<meta property=\"og:image:type\" content=\"image\/png\" \/>\n<meta name=\"twitter:card\" content=\"summary_large_image\" \/>\n<meta name=\"twitter:label1\" content=\"Est. reading time\" \/>\n\t<meta name=\"twitter:data1\" content=\"2 minutes\" \/>\n<script type=\"application\/ld+json\" class=\"yoast-schema-graph\">{\"@context\":\"https:\\\/\\\/schema.org\",\"@graph\":[{\"@type\":\"WebPage\",\"@id\":\"https:\\\/\\\/www.palomar.edu\\\/esl\\\/canvas\\\/\",\"url\":\"https:\\\/\\\/www.palomar.edu\\\/esl\\\/canvas\\\/\",\"name\":\"Canvas - Palomar College ESL\",\"isPartOf\":{\"@id\":\"https:\\\/\\\/www.palomar.edu\\\/esl\\\/#website\"},\"primaryImageOfPage\":{\"@id\":\"https:\\\/\\\/www.palomar.edu\\\/esl\\\/canvas\\\/#primaryimage\"},\"image\":{\"@id\":\"https:\\\/\\\/www.palomar.edu\\\/esl\\\/canvas\\\/#primaryimage\"},\"thumbnailUrl\":\"https:\\\/\\\/www.palomar.edu\\\/esl\\\/wp-content\\\/uploads\\\/sites\\\/115\\\/2020\\\/05\\\/Canvas-Workshop-Flyer-Enlish_Page_1-e1588987206646-432x270.png\",\"datePublished\":\"2020-07-06T23:42:16+00:00\",\"dateModified\":\"2025-01-16T20:03:21+00:00\",\"breadcrumb\":{\"@id\":\"https:\\\/\\\/www.palomar.edu\\\/esl\\\/canvas\\\/#breadcrumb\"},\"inLanguage\":\"en-US\",\"potentialAction\":[{\"@type\":\"ReadAction\",\"target\":[\"https:\\\/\\\/www.palomar.edu\\\/esl\\\/canvas\\\/\"]}]},{\"@type\":\"ImageObject\",\"inLanguage\":\"en-US\",\"@id\":\"https:\\\/\\\/www.palomar.edu\\\/esl\\\/canvas\\\/#primaryimage\",\"url\":\"https:\\\/\\\/www.palomar.edu\\\/esl\\\/wp-content\\\/uploads\\\/sites\\\/115\\\/2020\\\/05\\\/Canvas-Workshop-Flyer-Enlish_Page_1-e1588987206646.png\",\"contentUrl\":\"https:\\\/\\\/www.palomar.edu\\\/esl\\\/wp-content\\\/uploads\\\/sites\\\/115\\\/2020\\\/05\\\/Canvas-Workshop-Flyer-Enlish_Page_1-e1588987206646.png\",\"width\":819,\"height\":493,\"caption\":\"Decorative\"},{\"@type\":\"BreadcrumbList\",\"@id\":\"https:\\\/\\\/www.palomar.edu\\\/esl\\\/canvas\\\/#breadcrumb\",\"itemListElement\":[{\"@type\":\"ListItem\",\"position\":1,\"name\":\"Home\",\"item\":\"https:\\\/\\\/www.palomar.edu\\\/esl\\\/\"},{\"@type\":\"ListItem\",\"position\":2,\"name\":\"Canvas\"}]},{\"@type\":\"WebSite\",\"@id\":\"https:\\\/\\\/www.palomar.edu\\\/esl\\\/#website\",\"url\":\"https:\\\/\\\/www.palomar.edu\\\/esl\\\/\",\"name\":\"Palomar College ESL\",\"description\":\"Start Here; Go Anywhere.\",\"potentialAction\":[{\"@type\":\"SearchAction\",\"target\":{\"@type\":\"EntryPoint\",\"urlTemplate\":\"https:\\\/\\\/www.palomar.edu\\\/esl\\\/?s={search_term_string}\"},\"query-input\":{\"@type\":\"PropertyValueSpecification\",\"valueRequired\":true,\"valueName\":\"search_term_string\"}}],\"inLanguage\":\"en-US\"}]}<\/script>\n<!-- \/ Yoast SEO plugin. -->","yoast_head_json":{"title":"Canvas - Palomar College ESL","robots":{"index":"index","follow":"follow","max-snippet":"max-snippet:-1","max-image-preview":"max-image-preview:large","max-video-preview":"max-video-preview:-1"},"canonical":"https:\/\/www.palomar.edu\/esl\/canvas\/","og_locale":"en_US","og_type":"article","og_title":"Canvas - Palomar College ESL","og_description":"\u00a0 Workshop: How to use Canvas Tuesdays at 2:30 pm on:\u00a0 January 14 &amp; 21\u00a0 \u00a0**Please check back for more available dates**\u00a0 The ESL Department is offering a workshop through&hellip; Continue Reading Canvas","og_url":"https:\/\/www.palomar.edu\/esl\/canvas\/","og_site_name":"Palomar College ESL","article_modified_time":"2025-01-16T20:03:21+00:00","og_image":[{"width":819,"height":493,"url":"https:\/\/www.palomar.edu\/esl\/wp-content\/uploads\/sites\/115\/2020\/05\/Canvas-Workshop-Flyer-Enlish_Page_1-e1588987206646.png","type":"image\/png"}],"twitter_card":"summary_large_image","twitter_misc":{"Est. reading time":"2 minutes"},"schema":{"@context":"https:\/\/schema.org","@graph":[{"@type":"WebPage","@id":"https:\/\/www.palomar.edu\/esl\/canvas\/","url":"https:\/\/www.palomar.edu\/esl\/canvas\/","name":"Canvas - Palomar College ESL","isPartOf":{"@id":"https:\/\/www.palomar.edu\/esl\/#website"},"primaryImageOfPage":{"@id":"https:\/\/www.palomar.edu\/esl\/canvas\/#primaryimage"},"image":{"@id":"https:\/\/www.palomar.edu\/esl\/canvas\/#primaryimage"},"thumbnailUrl":"https:\/\/www.palomar.edu\/esl\/wp-content\/uploads\/sites\/115\/2020\/05\/Canvas-Workshop-Flyer-Enlish_Page_1-e1588987206646-432x270.png","datePublished":"2020-07-06T23:42:16+00:00","dateModified":"2025-01-16T20:03:21+00:00","breadcrumb":{"@id":"https:\/\/www.palomar.edu\/esl\/canvas\/#breadcrumb"},"inLanguage":"en-US","potentialAction":[{"@type":"ReadAction","target":["https:\/\/www.palomar.edu\/esl\/canvas\/"]}]},{"@type":"ImageObject","inLanguage":"en-US","@id":"https:\/\/www.palomar.edu\/esl\/canvas\/#primaryimage","url":"https:\/\/www.palomar.edu\/esl\/wp-content\/uploads\/sites\/115\/2020\/05\/Canvas-Workshop-Flyer-Enlish_Page_1-e1588987206646.png","contentUrl":"https:\/\/www.palomar.edu\/esl\/wp-content\/uploads\/sites\/115\/2020\/05\/Canvas-Workshop-Flyer-Enlish_Page_1-e1588987206646.png","width":819,"height":493,"caption":"Decorative"},{"@type":"BreadcrumbList","@id":"https:\/\/www.palomar.edu\/esl\/canvas\/#breadcrumb","itemListElement":[{"@type":"ListItem","position":1,"name":"Home","item":"https:\/\/www.palomar.edu\/esl\/"},{"@type":"ListItem","position":2,"name":"Canvas"}]},{"@type":"WebSite","@id":"https:\/\/www.palomar.edu\/esl\/#website","url":"https:\/\/www.palomar.edu\/esl\/","name":"Palomar College ESL","description":"Start Here; Go Anywhere.","potentialAction":[{"@type":"SearchAction","target":{"@type":"EntryPoint","urlTemplate":"https:\/\/www.palomar.edu\/esl\/?s={search_term_string}"},"query-input":{"@type":"PropertyValueSpecification","valueRequired":true,"valueName":"search_term_string"}}],"inLanguage":"en-US"}]}},"jetpack_sharing_enabled":true,"jetpack_shortlink":"https:\/\/wp.me\/P54Rp9-xm","_links":{"self":[{"href":"https:\/\/www.palomar.edu\/esl\/wp-json\/wp\/v2\/pages\/2068","targetHints":{"allow":["GET"]}}],"collection":[{"href":"https:\/\/www.palomar.edu\/esl\/wp-json\/wp\/v2\/pages"}],"about":[{"href":"https:\/\/www.palomar.edu\/esl\/wp-json\/wp\/v2\/types\/page"}],"author":[{"embeddable":true,"href":"https:\/\/www.palomar.edu\/esl\/wp-json\/wp\/v2\/users\/10306"}],"replies":[{"embeddable":true,"href":"https:\/\/www.palomar.edu\/esl\/wp-json\/wp\/v2\/comments?post=2068"}],"version-history":[{"count":5,"href":"https:\/\/www.palomar.edu\/esl\/wp-json\/wp\/v2\/pages\/2068\/revisions"}],"predecessor-version":[{"id":7320,"href":"https:\/\/www.palomar.edu\/esl\/wp-json\/wp\/v2\/pages\/2068\/revisions\/7320"}],"wp:attachment":[{"href":"https:\/\/www.palomar.edu\/esl\/wp-json\/wp\/v2\/media?parent=2068"}],"curies":[{"name":"wp","href":"https:\/\/api.w.org\/{rel}","templated":true}]}}