{"id":1276,"date":"2023-05-21T07:43:57","date_gmt":"2023-05-21T14:43:57","guid":{"rendered":"https:\/\/www.palomar.edu\/ehp\/?page_id=1276"},"modified":"2025-09-21T09:30:45","modified_gmt":"2025-09-21T16:30:45","slug":"carrera-intermedia-en-artes-en-historia-para-la-transferencia-aa-t","status":"publish","type":"page","link":"https:\/\/www.palomar.edu\/ehp\/carrera-intermedia-en-artes-en-historia-para-la-transferencia-aa-t\/","title":{"rendered":"Carrera intermedia en Artes en Historia para la Transferencia (AA-T)"},"content":{"rendered":"\n<p>Este t\u00edtulo incluye una selecci\u00f3n de cursos dise\u00f1ados para preparar a los estudiantes para transferirse a los campus de las universidades estatales de California que ofrecen t\u00edtulos de licenciatura en Historia. Este t\u00edtulo es ideal para estudiantes que planean transferirse para continuar sus estudios para obtener una licenciatura en Historia.<\/p>\n\n\n\n<p><strong>Se deben cumplir los siguientes requisitos de finalizaci\u00f3n<\/strong>:<\/p>\n\n\n\n<ol class=\"wp-block-list\">\n<li>Finalizaci\u00f3n de 60 unidades semestrales o unidades de 90 trimestres que son elegibles para la transferencia a la Universidad Estatal de California, incluidos los siguientes:\n<ul class=\"wp-block-list\">\n<li>El Curr\u00edculo de Transferencia de Educaci\u00f3n General Inter segmental (IGETC) o los Requisitos de Amplitud de Educaci\u00f3n General de la Universidad Estatal de California.<\/li>\n\n\n\n<li>Un m\u00ednimo de 18 unidades semestrales o 27 unidades trimestrales en una especialidad o \u00e1rea de \u00e9nfasis, seg\u00fan lo determine el distrito del colegio comunitario.<\/li>\n<\/ul>\n<\/li>\n\n\n\n<li>Obtenci\u00f3n de un promedio m\u00ednimo de calificaciones de 2.0<\/li>\n<\/ol>\n\n\n\n<p>Los ADT tambi\u00e9n requieren que los estudiantes obtengan una C o mejor en todos los cursos requeridos para la especialidad o \u00e1rea de \u00e9nfasis. Una calificaci\u00f3n &#8220;P&#8221; (Aprobado) no es una calificaci\u00f3n aceptable para los cursos en esta especialidad<\/p>\n\n\n\n<p><strong>Requisitos de clases de Historia para obtener el T\u00edtulo de AA-T en Historia<\/strong><\/p>\n\n\n\n<p><strong>Todas las clases de historia ser\u00e1n impartidas en ingl\u00e9s<\/strong><\/p>\n\n\n\n<ol class=\"wp-block-list\">\n<li><strong>En Foco de historial requerido: (6 unidades)<\/strong>\n<ul class=\"wp-block-list\">\n<li>HIST C1001: Historia de los Estados Unidos a trav\u00e9s de la reconstrucci\u00f3n &#8211; 3 unidades<\/li>\n\n\n\n<li>HIST C1002: Historia de los Estados Unidos desde la Reconstrucci\u00f3n &#8211; 3 unidades<\/li>\n<\/ul>\n<\/li>\n\n\n\n<li><strong>Lista A: Seleccione dos cursos (6 unidades)<\/strong>\n<ul class=\"wp-block-list\">\n<li>Seleccione <strong><u>una<\/u><\/strong> de las siguientes opciones: (3 unidades\n<ul class=\"wp-block-list\">\n<li>HIST 107: Historia del mundo hasta 1650 &#8211; 3 unidades<\/li>\n\n\n\n<li>HIST 105: Historia de Europa a trav\u00e9s de la Reforma &#8211; 3 unidades<\/li>\n<\/ul>\n<\/li>\n\n\n\n<li>Seleccione <strong><u>una<\/u> <\/strong>de las siguientes opciones: (3 unidades)\n<ul class=\"wp-block-list\">\n<li>HIST 108: Historia del mundo desde 1650 &#8211; 3 unidades<\/li>\n\n\n\n<li>HIST 106: Historia de Europa desde la Reforma&nbsp;&nbsp;&nbsp;&nbsp;&nbsp;&nbsp;&nbsp;&nbsp;&nbsp;&nbsp;&nbsp;&nbsp;&nbsp;&nbsp;&nbsp;&nbsp;&nbsp;&nbsp;&nbsp;&nbsp;&nbsp;&nbsp;&nbsp;&nbsp;&nbsp;&nbsp;&nbsp;&nbsp;&nbsp;&nbsp;&nbsp;&nbsp;&nbsp;&nbsp;&nbsp;&nbsp;&nbsp;&nbsp;&nbsp;&nbsp;&nbsp;&nbsp;&nbsp;&nbsp;&nbsp;&nbsp;&nbsp;&nbsp;&nbsp; 3 unidades<\/li>\n<\/ul>\n<\/li>\n<\/ul>\n<\/li>\n\n\n\n<li><strong>Lista B: Seleccione un curso de cada \u00e1rea (6 unidades)<\/strong>\n<ul class=\"wp-block-list\">\n<li>\u00c1rea 1 Diversidad (3 unidades) o cualquier curso de la Lista A que a\u00fan no se haya utilizado:\n<ul class=\"wp-block-list\">\n<li>HIST 160: Historia del Medio Oriente desde 600 hasta el presente &#8211; 3 unidades<\/li>\n\n\n\n<li>HIST 140: Historia de las Am\u00e9ricas hasta 1800 &#8211; 3 unidades<\/li>\n\n\n\n<li>HIST 141: Historia de las Am\u00e9ricas desde 1800 &#8211; 3 unidades<\/li>\n\n\n\n<li>HIST 150: Historia de Am\u00e9rica Latina hasta 1824 &#8211; 3 unidades<\/li>\n\n\n\n<li>HIST 151: Historia de Am\u00e9rica Latina desde la Independencia hasta el Presente &#8211; 3 unidades<\/li>\n<\/ul>\n<\/li>\n\n\n\n<li>\u00c1rea 2 (3 unidades) o cualquier curso de la Lista A que a\u00fan no se haya utilizado:\n<ul class=\"wp-block-list\">\n<li>HIST 121: Historia de California &#8211; 3 unidades<\/li>\n\n\n\n<li>HIST 130: Mujeres en la historia de los Estados Unidos &#8211; 3 unidades<\/li>\n<\/ul>\n<\/li>\n<\/ul>\n<\/li>\n<\/ol>\n\n\n\n<p><strong>Total: 18 unidades en la historia<\/strong><\/p>\n","protected":false},"excerpt":{"rendered":"<p>Este t\u00edtulo incluye una selecci\u00f3n de cursos dise\u00f1ados para preparar a los estudiantes para transferirse a los campus de las universidades estatales de California que ofrecen t\u00edtulos de licenciatura en&hellip; <a class=\"continue\" href=\"https:\/\/www.palomar.edu\/ehp\/carrera-intermedia-en-artes-en-historia-para-la-transferencia-aa-t\/\">Continue Reading<span> Carrera intermedia en Artes en Historia para la Transferencia (AA-T)<\/span><\/a><\/p>\n","protected":false},"author":10443,"featured_media":0,"parent":0,"menu_order":0,"comment_status":"closed","ping_status":"closed","template":"","meta":{"_acf_changed":false,"jetpack_post_was_ever_published":false,"footnotes":""},"class_list":["post-1276","page","type-page","status-publish","hentry"],"acf":[],"jetpack_sharing_enabled":true,"jetpack_shortlink":"https:\/\/wp.me\/P6Sp36-kA","_links":{"self":[{"href":"https:\/\/www.palomar.edu\/ehp\/wp-json\/wp\/v2\/pages\/1276","targetHints":{"allow":["GET"]}}],"collection":[{"href":"https:\/\/www.palomar.edu\/ehp\/wp-json\/wp\/v2\/pages"}],"about":[{"href":"https:\/\/www.palomar.edu\/ehp\/wp-json\/wp\/v2\/types\/page"}],"author":[{"embeddable":true,"href":"https:\/\/www.palomar.edu\/ehp\/wp-json\/wp\/v2\/users\/10443"}],"replies":[{"embeddable":true,"href":"https:\/\/www.palomar.edu\/ehp\/wp-json\/wp\/v2\/comments?post=1276"}],"version-history":[{"count":2,"href":"https:\/\/www.palomar.edu\/ehp\/wp-json\/wp\/v2\/pages\/1276\/revisions"}],"predecessor-version":[{"id":3627,"href":"https:\/\/www.palomar.edu\/ehp\/wp-json\/wp\/v2\/pages\/1276\/revisions\/3627"}],"wp:attachment":[{"href":"https:\/\/www.palomar.edu\/ehp\/wp-json\/wp\/v2\/media?parent=1276"}],"curies":[{"name":"wp","href":"https:\/\/api.w.org\/{rel}","templated":true}]}}