{"id":1269,"date":"2023-05-21T07:29:37","date_gmt":"2023-05-21T14:29:37","guid":{"rendered":"https:\/\/www.palomar.edu\/ehp\/?page_id=1269"},"modified":"2026-04-20T11:16:58","modified_gmt":"2026-04-20T18:16:58","slug":"carrera-intermedia-en-artes-en-economia-para-la-transferencia-aa-t","status":"publish","type":"page","link":"https:\/\/www.palomar.edu\/ehp\/carrera-intermedia-en-artes-en-economia-para-la-transferencia-aa-t\/","title":{"rendered":"Carrera intermedia en Artes en Econom\u00eda para la Transferencia (AA-T)"},"content":{"rendered":"\n<p>Este t\u00edtulo incluye una selecci\u00f3n de cursos dise\u00f1ados para preparar a los estudiantes para transferirse a los campus de las universidades estatales de California que ofrecen t\u00edtulos de licenciatura en Econom\u00eda. Este t\u00edtulo es ideal para estudiantes que planean transferirse para continuar sus estudios para obtener una licenciatura en Econom\u00eda.<\/p>\n\n\n\n<p><strong>Se deben cumplir los siguientes requisitos de finalizaci\u00f3n<\/strong>:<\/p>\n\n\n\n<ol class=\"wp-block-list\">\n<li>Finalizaci\u00f3n de 60 unidades semestrales o unidades de 90 trimestres que son elegibles para la transferencia a la Universidad Estatal de California, incluidos los siguientes:\n<ul class=\"wp-block-list\">\n<li>El Curr\u00edculo de Transferencia de Educaci\u00f3n General Inter segmental (IGETC) o los Requisitos de Amplitud de Educaci\u00f3n General de la Universidad Estatal de California.<\/li>\n\n\n\n<li>Un m\u00ednimo de 18 unidades semestrales o 27 unidades trimestrales en una especialidad o \u00e1rea de \u00e9nfasis, seg\u00fan lo determine el distrito del colegio comunitario.<\/li>\n<\/ul>\n<\/li>\n\n\n\n<li>Obtenci\u00f3n de un promedio m\u00ednimo de calificaciones de 2.0<\/li>\n<\/ol>\n\n\n\n<p>Los ADT tambi\u00e9n requieren que los estudiantes obtengan una C o mejor en todos los cursos requeridos para la especialidad o \u00e1rea de \u00e9nfasis. Una calificaci\u00f3n &#8220;P&#8221; (Aprobado) no es una calificaci\u00f3n aceptable para los cursos en esta especialidad.<\/p>\n\n\n\n<p><strong>Requisitos de clases para obtener el T\u00edtulo de AA-T en Econom\u00eda<\/strong>.<\/p>\n\n\n\n<p><strong>Todas las clases ser\u00e1n impartidas en ingl\u00e9s<\/strong><\/p>\n\n\n\n<ol class=\"wp-block-list\">\n<li><strong><u>Clases de Enfoco Requeridos<\/u><\/strong> (12 a 13 unidades)&nbsp;<strong>Unidades: 14 a 15 unidades<\/strong>\n<ul class=\"wp-block-list\">\n<li>ECON C1001: Principios de Econom\u00eda (Micro) &#8211; 3 unidades\u00a0\u00a0\u00a0\u00a0\u00a0\u00a0\u00a0\u00a0\u00a0\u00a0\u00a0<\/li>\n\n\n\n<li>ECON C1002: Principios de Econom\u00eda (Macro) &#8211; 3 unidades\u00a0\u00a0\u00a0\u00a0\u00a0\u00a0\u00a0\u00a0\u00a0\u00a0\u00a0<\/li>\n\n\n\n<li>MATEM\u00c1TICA 120: Estad\u00edstica Elemental &#8211; 4 unidades<\/li>\n<\/ul>\n<\/li>\n\n\n\n<li><strong>Electiva de c\u00e1lculo (seleccione uno de los siguientes tres cursos) 4 a 5 unidades<\/strong>\n<ul class=\"wp-block-list\">\n<li>MATEM\u00c1TICA 130: C\u00e1lculo para la Empresa y las Ciencias Sociales -4 unidades&nbsp;&nbsp;&nbsp;&nbsp;&nbsp;&nbsp;&nbsp;&nbsp;&nbsp;&nbsp;&nbsp;<\/li>\n\n\n\n<li>MATH 140: C\u00e1lculo con Geometr\u00eda Anal\u00edtica, First Couse -5 unidades<\/li>\n<\/ul>\n<\/li>\n\n\n\n<li><strong>Lista A: <\/strong>Seleccione una (3 unidades)\n<ul class=\"wp-block-list\">\n<li>BUS 205: Comunicaci\u00f3n Empresarial &#8211; 3 unidades&nbsp;&nbsp;&nbsp;&nbsp;&nbsp;&nbsp;&nbsp;&nbsp;&nbsp;&nbsp;&nbsp;<\/li>\n\n\n\n<li>BUS 104: Sistemas de Informaci\u00f3n Empresarial&nbsp;&#8211; 3 unidades&nbsp;&nbsp;&nbsp;&nbsp;&nbsp;&nbsp;&nbsp;&nbsp;&nbsp;&nbsp;&nbsp;<\/li>\n\n\n\n<li>CSIT 125: Sistemas de Informaci\u00f3n Computacional -3 unidades<\/li>\n<\/ul>\n<\/li>\n\n\n\n<li><strong><u>Lista B<\/u>: &nbsp;<\/strong>Seleccione un curso de la<strong> Lista A<\/strong> que a\u00fan no se haya utilizado <strong>O<\/strong> elija un curso de los siguientes: 3 unidades\n<ul class=\"wp-block-list\">\n<li>ECON 110: Sistemas econ\u00f3micos comparativos &#8211; 3 unidades&nbsp;&nbsp;&nbsp;&nbsp;&nbsp;&nbsp;&nbsp;&nbsp;&nbsp;&nbsp;&nbsp;<\/li>\n\n\n\n<li>ECON 115: Historia Econ\u00f3mica de los Estados Unidos &#8211; 3 unidades&nbsp;&nbsp;&nbsp;&nbsp;&nbsp;&nbsp;&nbsp;&nbsp;&nbsp;&nbsp;&nbsp;<\/li>\n\n\n\n<li>ECON 120: Econom\u00eda Ambiental&nbsp;&#8211; 3 unidades&nbsp;&nbsp;&nbsp;&nbsp;&nbsp;&nbsp;&nbsp;&nbsp;&nbsp;&nbsp;&nbsp;<\/li>\n\n\n\n<li>ECON 125: Introducci\u00f3n a los Estudios Laborales &#8211; 3 unidades&nbsp;&nbsp;&nbsp;&nbsp;&nbsp;&nbsp;&nbsp;&nbsp;&nbsp;&nbsp;&nbsp;<\/li>\n\n\n\n<li>ECON 295: Estudio Dirigido en Econom\u00eda &#8211; 3 unidades<\/li>\n<\/ul>\n<\/li>\n<\/ol>\n\n\n\n<p><strong><u>Total<\/u><\/strong>: 20-21 unidades<\/p>\n","protected":false},"excerpt":{"rendered":"<p>Este t\u00edtulo incluye una selecci\u00f3n de cursos dise\u00f1ados para preparar a los estudiantes para transferirse a los campus de las universidades estatales de California que ofrecen t\u00edtulos de licenciatura en&hellip; <a class=\"continue\" href=\"https:\/\/www.palomar.edu\/ehp\/carrera-intermedia-en-artes-en-economia-para-la-transferencia-aa-t\/\">Continue Reading<span> Carrera intermedia en Artes en Econom\u00eda para la Transferencia (AA-T)<\/span><\/a><\/p>\n","protected":false},"author":10443,"featured_media":0,"parent":0,"menu_order":0,"comment_status":"closed","ping_status":"closed","template":"","meta":{"_acf_changed":false,"jetpack_post_was_ever_published":false,"footnotes":""},"class_list":["post-1269","page","type-page","status-publish","hentry"],"acf":[],"jetpack_sharing_enabled":true,"jetpack_shortlink":"https:\/\/wp.me\/P6Sp36-kt","_links":{"self":[{"href":"https:\/\/www.palomar.edu\/ehp\/wp-json\/wp\/v2\/pages\/1269","targetHints":{"allow":["GET"]}}],"collection":[{"href":"https:\/\/www.palomar.edu\/ehp\/wp-json\/wp\/v2\/pages"}],"about":[{"href":"https:\/\/www.palomar.edu\/ehp\/wp-json\/wp\/v2\/types\/page"}],"author":[{"embeddable":true,"href":"https:\/\/www.palomar.edu\/ehp\/wp-json\/wp\/v2\/users\/10443"}],"replies":[{"embeddable":true,"href":"https:\/\/www.palomar.edu\/ehp\/wp-json\/wp\/v2\/comments?post=1269"}],"version-history":[{"count":6,"href":"https:\/\/www.palomar.edu\/ehp\/wp-json\/wp\/v2\/pages\/1269\/revisions"}],"predecessor-version":[{"id":3785,"href":"https:\/\/www.palomar.edu\/ehp\/wp-json\/wp\/v2\/pages\/1269\/revisions\/3785"}],"wp:attachment":[{"href":"https:\/\/www.palomar.edu\/ehp\/wp-json\/wp\/v2\/media?parent=1269"}],"curies":[{"name":"wp","href":"https:\/\/api.w.org\/{rel}","templated":true}]}}