{"id":76,"date":"2016-02-08T12:05:41","date_gmt":"2016-02-08T20:05:41","guid":{"rendered":"https:\/\/www.palomar.edu\/alass\/?page_id=76"},"modified":"2024-02-05T12:19:13","modified_gmt":"2024-02-05T20:19:13","slug":"tarde-de-familia-2","status":"publish","type":"page","link":"https:\/\/www.palomar.edu\/alass\/a-l-a-s-s-home\/tarde-de-familia-2\/","title":{"rendered":"Tarde de Familia: An evening for our  families"},"content":{"rendered":"<div>\n<p><strong><em>Tarde de Familia<\/em><\/strong>&nbsp;originated by Dr. Rodolfo Jacobo, Jr. in order to create a space where Palomar College students in general and Latino students (in particular) can be exposed to Latino professionals who emanate from a disadvantaged socio-economic background. The 3 hour event is conducted entirely in Spanish and typically takes place on a Friday evening. Every semester has a theme highlighting a different industry (legal, engineering, small business, medical etc.). Audiences began with 40 people (in 2011) to well over 300 in the last year. This event has increasingly <span style=\"color: #000000\">focused on working through peer support, community building, consultative planning, and standard-setting for the betterment of our students.<\/span><\/p>\n<\/div>\n<div><span style=\"color: #000000\">The presenters share their personal stories of overcoming hardship and the importance of their education in achieving their dreams. In addition to exposing our students to these success stories, the event also seeks to create ownership of the academic space in the larger community. Parents and young children are a large part of these events in addition to our students, staff and faculty.<\/span><\/div>\n<div><a href=\"https:\/\/www.palomar.edu\/alass\/wp-content\/uploads\/sites\/77\/2022\/10\/Updated-Tarde-logo-Oct22.png\"><img loading=\"lazy\" decoding=\"async\" class=\"size-medium wp-image-1745 aligncenter\" src=\"https:\/\/www.palomar.edu\/alass\/wp-content\/uploads\/sites\/77\/2022\/10\/Updated-Tarde-logo-Oct22-300x254.png\" alt=\"\" width=\"300\" height=\"254\" srcset=\"https:\/\/www.palomar.edu\/alass\/wp-content\/uploads\/sites\/77\/2022\/10\/Updated-Tarde-logo-Oct22-300x254.png 300w, https:\/\/www.palomar.edu\/alass\/wp-content\/uploads\/sites\/77\/2022\/10\/Updated-Tarde-logo-Oct22-1024x868.png 1024w, https:\/\/www.palomar.edu\/alass\/wp-content\/uploads\/sites\/77\/2022\/10\/Updated-Tarde-logo-Oct22-768x651.png 768w, https:\/\/www.palomar.edu\/alass\/wp-content\/uploads\/sites\/77\/2022\/10\/Updated-Tarde-logo-Oct22-1536x1302.png 1536w, https:\/\/www.palomar.edu\/alass\/wp-content\/uploads\/sites\/77\/2022\/10\/Updated-Tarde-logo-Oct22.png 2024w\" sizes=\"auto, (max-width: 300px) 100vw, 300px\" \/><\/a><\/div>\n<div>\n<p><span style=\"color: #000000\"><span style=\"color: #ffffff\">.<\/span><span style=\"color: #ffffff\"><em><strong>..<\/strong><\/em><\/span><\/span><\/p>\n<p><strong><em>Tarde de Familia<\/em><\/strong><em><strong>&nbsp;<\/strong>comenz\u00f3 cuando el Dr. Rodolfo Jacobo se propuso el objetivo de crear un espacio dentro del Colegio Palomar donde estudiantes latinos pudieran ser expuestos a profesionales latinos que provienen de una clase socio-econ\u00f3mica poco representada. Este evento t\u00edpicamente se&nbsp;<\/em><em>programa en un viernes, es de tres horas de duraci\u00f3n y es casi por completo en espa\u00f1ol. Cada semestre se elige un tema que destaca una industria diferente (sector jur\u00eddico, ingenier\u00eda,&nbsp; peque\u00f1as empresas, profesi\u00f3n m\u00e9dica, etc.) &nbsp; Cuando primero se empez\u00f3 este evento, se realiz\u00f3 con 40 participantes en 2011.&nbsp; \u00a1Ahora <\/em><em>alcanzamos un p\u00fablico de m\u00e1s de 300 personas! Por medio de Tarde de Familia, nosotros en el Colegio Palomar hemos podido aumentar el apoyo mutuo, la consolidaci\u00f3n de las comunidades, la planificaci\u00f3n consultiva y el establecimiento de normas que afectan a nuestros estudiantes.<\/em><\/p>\n<\/div>\n<div>\n<div>\n<p><span style=\"color: #ffffff\"><em>.<\/em><\/span><\/p>\n<p><em>Profesionistas invitados <\/em><em>compartir\u00e1n sus historias de superaci\u00f3n personal y la importancia <\/em><em>de la educaci\u00f3n en realizar sus sue\u00f1os. M\u00e1s all\u00e1 de exponer a los <\/em><em>estudiantes a \u00e9stas historias de \u00e9xito, el evento busca crear en <\/em><em>ellos un anhelo hacia el espacio acad\u00e9mico dentro de nuestra&nbsp;<\/em><em>comunidad. Los&nbsp;estudiantes, padres e hijos menores, la administraci\u00f3n y los <em>profesores<\/em>&nbsp;de Palomar forman una gran parte de <\/em><em>este evento. <\/em><\/p>\n<\/div>\n<\/div>\n<div><span style=\"color: #ffffff\">.<\/span><\/div>\n\n\n<div class=\"wp-block-columns are-vertically-aligned-center is-layout-flex wp-container-core-columns-is-layout-28f84493 wp-block-columns-is-layout-flex\">\n<div class=\"wp-block-column is-vertically-aligned-center is-layout-flow wp-block-column-is-layout-flow\" style=\"flex-basis:100%\">\n<div class=\"wp-block-columns is-layout-flex wp-container-core-columns-is-layout-28f84493 wp-block-columns-is-layout-flex\">\n<div class=\"wp-block-column is-layout-flow wp-block-column-is-layout-flow\"><\/div>\n<\/div>\n<\/div>\n<\/div>\n\n\n\n<div class=\"wp-block-columns is-layout-flex wp-container-core-columns-is-layout-28f84493 wp-block-columns-is-layout-flex\">\n<div class=\"wp-block-column is-layout-flow wp-block-column-is-layout-flow\" style=\"flex-basis:100%\">\n<div class=\"wp-block-group is-layout-flow wp-block-group-is-layout-flow\"><\/div>\n\n\n\n<div class=\"wp-block-columns is-layout-flex wp-container-core-columns-is-layout-28f84493 wp-block-columns-is-layout-flex\">\n<div class=\"wp-block-column is-layout-flow wp-block-column-is-layout-flow\">\n<figure class=\"wp-block-image size-full is-resized\"><a href=\"https:\/\/www.palomar.edu\/alass\/wp-content\/uploads\/sites\/77\/2016\/04\/tdf10.jpg\"><img loading=\"lazy\" decoding=\"async\" width=\"960\" height=\"960\" src=\"https:\/\/www.palomar.edu\/alass\/wp-content\/uploads\/sites\/77\/2016\/04\/tdf10.jpg\" alt=\"\" class=\"wp-image-549\" style=\"width:179px;height:179px\" srcset=\"https:\/\/www.palomar.edu\/alass\/wp-content\/uploads\/sites\/77\/2016\/04\/tdf10.jpg 960w, https:\/\/www.palomar.edu\/alass\/wp-content\/uploads\/sites\/77\/2016\/04\/tdf10-150x150.jpg 150w, https:\/\/www.palomar.edu\/alass\/wp-content\/uploads\/sites\/77\/2016\/04\/tdf10-300x300.jpg 300w, https:\/\/www.palomar.edu\/alass\/wp-content\/uploads\/sites\/77\/2016\/04\/tdf10-768x768.jpg 768w\" sizes=\"auto, (max-width: 960px) 100vw, 960px\" \/><\/a><\/figure>\n<\/div>\n\n\n\n<div class=\"wp-block-column is-layout-flow wp-block-column-is-layout-flow\">\n<figure class=\"wp-block-image size-large is-resized\"><a href=\"https:\/\/www.palomar.edu\/alass\/wp-content\/uploads\/sites\/77\/2016\/10\/Tarde-de-Familia-fall-2016-2301.jpg\"><img loading=\"lazy\" decoding=\"async\" width=\"1024\" height=\"684\" src=\"https:\/\/www.palomar.edu\/alass\/wp-content\/uploads\/sites\/77\/2016\/10\/Tarde-de-Familia-fall-2016-2301-1024x684.jpg\" alt=\"\" class=\"wp-image-789\" style=\"width:185px;height:123px\" srcset=\"https:\/\/www.palomar.edu\/alass\/wp-content\/uploads\/sites\/77\/2016\/10\/Tarde-de-Familia-fall-2016-2301-1024x684.jpg 1024w, https:\/\/www.palomar.edu\/alass\/wp-content\/uploads\/sites\/77\/2016\/10\/Tarde-de-Familia-fall-2016-2301-300x200.jpg 300w, https:\/\/www.palomar.edu\/alass\/wp-content\/uploads\/sites\/77\/2016\/10\/Tarde-de-Familia-fall-2016-2301-768x513.jpg 768w\" sizes=\"auto, (max-width: 1024px) 100vw, 1024px\" \/><\/a><\/figure>\n<\/div>\n\n\n\n<div class=\"wp-block-column is-layout-flow wp-block-column-is-layout-flow\">\n<figure class=\"wp-block-image size-large\"><a href=\"https:\/\/www.palomar.edu\/alass\/wp-content\/uploads\/sites\/77\/2016\/04\/tdf42.jpg\"><img loading=\"lazy\" decoding=\"async\" width=\"1024\" height=\"683\" src=\"https:\/\/www.palomar.edu\/alass\/wp-content\/uploads\/sites\/77\/2016\/04\/tdf42-1024x683.jpg\" alt=\"\" class=\"wp-image-481\" srcset=\"https:\/\/www.palomar.edu\/alass\/wp-content\/uploads\/sites\/77\/2016\/04\/tdf42-1024x683.jpg 1024w, https:\/\/www.palomar.edu\/alass\/wp-content\/uploads\/sites\/77\/2016\/04\/tdf42-300x200.jpg 300w, https:\/\/www.palomar.edu\/alass\/wp-content\/uploads\/sites\/77\/2016\/04\/tdf42-768x512.jpg 768w, https:\/\/www.palomar.edu\/alass\/wp-content\/uploads\/sites\/77\/2016\/04\/tdf42.jpg 1500w\" sizes=\"auto, (max-width: 1024px) 100vw, 1024px\" \/><\/a><\/figure>\n<\/div>\n\n\n\n<div class=\"wp-block-column is-layout-flow wp-block-column-is-layout-flow\">\n<figure class=\"wp-block-image size-large\"><a href=\"https:\/\/www.palomar.edu\/alass\/wp-content\/uploads\/sites\/77\/2016\/10\/KdbPYW9z2yCbBiaonIvhL6O1tGcn_khC0YbdVrCNsLo-1.jpg\"><img loading=\"lazy\" decoding=\"async\" width=\"1024\" height=\"682\" src=\"https:\/\/www.palomar.edu\/alass\/wp-content\/uploads\/sites\/77\/2016\/10\/KdbPYW9z2yCbBiaonIvhL6O1tGcn_khC0YbdVrCNsLo-1-1024x682.jpg\" alt=\"\" class=\"wp-image-714\" srcset=\"https:\/\/www.palomar.edu\/alass\/wp-content\/uploads\/sites\/77\/2016\/10\/KdbPYW9z2yCbBiaonIvhL6O1tGcn_khC0YbdVrCNsLo-1.jpg 1024w, https:\/\/www.palomar.edu\/alass\/wp-content\/uploads\/sites\/77\/2016\/10\/KdbPYW9z2yCbBiaonIvhL6O1tGcn_khC0YbdVrCNsLo-1-300x200.jpg 300w, https:\/\/www.palomar.edu\/alass\/wp-content\/uploads\/sites\/77\/2016\/10\/KdbPYW9z2yCbBiaonIvhL6O1tGcn_khC0YbdVrCNsLo-1-768x512.jpg 768w\" sizes=\"auto, (max-width: 1024px) 100vw, 1024px\" \/><\/a><\/figure>\n<\/div>\n\n\n\n<div class=\"wp-block-column is-layout-flow wp-block-column-is-layout-flow\">\n<figure class=\"wp-block-image size-large\"><a href=\"https:\/\/www.palomar.edu\/alass\/wp-content\/uploads\/sites\/77\/2016\/10\/NnrC0aG6Fofx0DAYqclWC2_DzLOwYG4SfNba1pjvOxQ.jpg\"><img loading=\"lazy\" decoding=\"async\" width=\"1024\" height=\"682\" src=\"https:\/\/www.palomar.edu\/alass\/wp-content\/uploads\/sites\/77\/2016\/10\/NnrC0aG6Fofx0DAYqclWC2_DzLOwYG4SfNba1pjvOxQ-1024x682.jpg\" alt=\"\" class=\"wp-image-697\" srcset=\"https:\/\/www.palomar.edu\/alass\/wp-content\/uploads\/sites\/77\/2016\/10\/NnrC0aG6Fofx0DAYqclWC2_DzLOwYG4SfNba1pjvOxQ.jpg 1024w, https:\/\/www.palomar.edu\/alass\/wp-content\/uploads\/sites\/77\/2016\/10\/NnrC0aG6Fofx0DAYqclWC2_DzLOwYG4SfNba1pjvOxQ-300x200.jpg 300w, https:\/\/www.palomar.edu\/alass\/wp-content\/uploads\/sites\/77\/2016\/10\/NnrC0aG6Fofx0DAYqclWC2_DzLOwYG4SfNba1pjvOxQ-768x512.jpg 768w\" sizes=\"auto, (max-width: 1024px) 100vw, 1024px\" \/><\/a><\/figure>\n<\/div>\n\n\n\n<div class=\"wp-block-column is-layout-flow wp-block-column-is-layout-flow\">\n<figure class=\"wp-block-image size-large\"><a href=\"https:\/\/www.palomar.edu\/alass\/wp-content\/uploads\/sites\/77\/2016\/10\/ek1LbTVVnNk7x8jJdHf_nRMi8CI9pn85kpevtaDgvj8.jpg\"><img loading=\"lazy\" decoding=\"async\" width=\"1024\" height=\"682\" src=\"https:\/\/www.palomar.edu\/alass\/wp-content\/uploads\/sites\/77\/2016\/10\/ek1LbTVVnNk7x8jJdHf_nRMi8CI9pn85kpevtaDgvj8-1024x682.jpg\" alt=\"\" class=\"wp-image-728\" srcset=\"https:\/\/www.palomar.edu\/alass\/wp-content\/uploads\/sites\/77\/2016\/10\/ek1LbTVVnNk7x8jJdHf_nRMi8CI9pn85kpevtaDgvj8.jpg 1024w, https:\/\/www.palomar.edu\/alass\/wp-content\/uploads\/sites\/77\/2016\/10\/ek1LbTVVnNk7x8jJdHf_nRMi8CI9pn85kpevtaDgvj8-300x200.jpg 300w, https:\/\/www.palomar.edu\/alass\/wp-content\/uploads\/sites\/77\/2016\/10\/ek1LbTVVnNk7x8jJdHf_nRMi8CI9pn85kpevtaDgvj8-768x512.jpg 768w\" sizes=\"auto, (max-width: 1024px) 100vw, 1024px\" \/><\/a><\/figure>\n<\/div>\n\n\n\n<div class=\"wp-block-column is-layout-flow wp-block-column-is-layout-flow\">\n<figure class=\"wp-block-image size-large\"><a href=\"https:\/\/www.palomar.edu\/alass\/wp-content\/uploads\/sites\/77\/2016\/10\/A_xj8g69YOfOQUEjilo3b1mbeJD9Gh4g62LSrrkprDU.jpg\"><img loading=\"lazy\" decoding=\"async\" width=\"1024\" height=\"682\" src=\"https:\/\/www.palomar.edu\/alass\/wp-content\/uploads\/sites\/77\/2016\/10\/A_xj8g69YOfOQUEjilo3b1mbeJD9Gh4g62LSrrkprDU-1024x682.jpg\" alt=\"\" class=\"wp-image-755\" srcset=\"https:\/\/www.palomar.edu\/alass\/wp-content\/uploads\/sites\/77\/2016\/10\/A_xj8g69YOfOQUEjilo3b1mbeJD9Gh4g62LSrrkprDU.jpg 1024w, https:\/\/www.palomar.edu\/alass\/wp-content\/uploads\/sites\/77\/2016\/10\/A_xj8g69YOfOQUEjilo3b1mbeJD9Gh4g62LSrrkprDU-300x200.jpg 300w, https:\/\/www.palomar.edu\/alass\/wp-content\/uploads\/sites\/77\/2016\/10\/A_xj8g69YOfOQUEjilo3b1mbeJD9Gh4g62LSrrkprDU-768x512.jpg 768w\" sizes=\"auto, (max-width: 1024px) 100vw, 1024px\" \/><\/a><\/figure>\n<\/div>\n<\/div>\n<\/div>\n<\/div>\n","protected":false},"excerpt":{"rendered":"<p>Tarde de Familia&nbsp;originated by Dr. Rodolfo Jacobo, Jr. in order to create a space where Palomar College students in general and Latino students (in particular) can be exposed to Latino&hellip; <a class=\"continue\" href=\"https:\/\/www.palomar.edu\/alass\/a-l-a-s-s-home\/tarde-de-familia-2\/\">\u00a0Continue Reading:<span> Tarde de Familia: An evening for our  families<\/span><\/a><\/p>\n","protected":false},"author":146,"featured_media":0,"parent":45,"menu_order":0,"comment_status":"closed","ping_status":"closed","template":"","meta":{"_acf_changed":false,"jetpack_post_was_ever_published":false,"footnotes":""},"class_list":["post-76","page","type-page","status-publish","hentry"],"acf":[],"jetpack_sharing_enabled":true,"jetpack_shortlink":"https:\/\/wp.me\/P6Sp7b-1e","_links":{"self":[{"href":"https:\/\/www.palomar.edu\/alass\/wp-json\/wp\/v2\/pages\/76","targetHints":{"allow":["GET"]}}],"collection":[{"href":"https:\/\/www.palomar.edu\/alass\/wp-json\/wp\/v2\/pages"}],"about":[{"href":"https:\/\/www.palomar.edu\/alass\/wp-json\/wp\/v2\/types\/page"}],"author":[{"embeddable":true,"href":"https:\/\/www.palomar.edu\/alass\/wp-json\/wp\/v2\/users\/146"}],"replies":[{"embeddable":true,"href":"https:\/\/www.palomar.edu\/alass\/wp-json\/wp\/v2\/comments?post=76"}],"version-history":[{"count":63,"href":"https:\/\/www.palomar.edu\/alass\/wp-json\/wp\/v2\/pages\/76\/revisions"}],"predecessor-version":[{"id":1904,"href":"https:\/\/www.palomar.edu\/alass\/wp-json\/wp\/v2\/pages\/76\/revisions\/1904"}],"up":[{"embeddable":true,"href":"https:\/\/www.palomar.edu\/alass\/wp-json\/wp\/v2\/pages\/45"}],"wp:attachment":[{"href":"https:\/\/www.palomar.edu\/alass\/wp-json\/wp\/v2\/media?parent=76"}],"curies":[{"name":"wp","href":"https:\/\/api.w.org\/{rel}","templated":true}]}}